, what is 32044 + 110?
32204
In base 7, what is 1036 - 2160?
-1121
In base 16, what is -1e53f + 0?
-1e53f
In base 14, what is -204c + -7?
-2055
In base 16, what is 1e - 3a?
-1c
In base 6, what is -2211445 + 10?
-2211435
In base 14, what is -4d897 + 24?
-4d873
In base 12, what is 1a0a17 - -6?
1a0a21
In base 12, what is -2b4aa - -44?
-2b466
In base 14, what is -21 + 117ba?
11799
In base 10, what is -4 - -11959?
11955
In base 2, what is 101100000111001 + 1?
101100000111010
In base 15, what is -11 + 377a?
3769
In base 9, what is -1 + 105750?
105748
In base 15, what is 38 + 1826?
185e
In base 14, what is 3 - -6c98?
6c9b
In base 9, what is 107 - 53167?
-53060
In base 9, what is -2 - -51300?
51287
In base 11, what is -87 - 1348?
-1424
In base 6, what is 410 + 303?
1113
In base 8, what is -1340206 - -1?
-1340205
In base 10, what is -3176 - 54?
-3230
In base 3, what is -10200 + -1102001?
-1112201
In base 10, what is -196152 + 4?
-196148
In base 16, what is -c9c + -115?
-db1
In base 2, what is 11 - 11100000101100?
-11100000101001
In base 16, what is -242a - 2?
-242c
In base 4, what is 2122202 + 1223?
2130031
In base 9, what is -2 + 245014?
245012
In base 4, what is 113 - -133022?
133201
In base 10, what is 164 - 9692?
-9528
In base 15, what is 5 + 82776?
8277b
In base 16, what is -37a + 3b6?
3c
In base 8, what is -111 + -1664?
-1775
In base 2, what is 10000100010110110 + 10100?
10000100011001010
In base 14, what is c94 - -190?
1044
In base 13, what is 0 + 73211?
73211
In base 3, what is -2110200121 - 12?
-2110200210
In base 2, what is 11001110000001011 - -100?
11001110000001111
In base 3, what is -221200 - 212?
-222112
In base 2, what is 101 + 1110111011100?
1110111100001
In base 9, what is 0 + 47875?
47875
In base 13, what is -5a59a + -5?
-5a5a2
In base 16, what is -3 + -6dac?
-6daf
In base 16, what is 7 - -1304?
130b
In base 4, what is -11033 + -1023?
-12122
In base 13, what is 9388 + 2?
938a
In base 12, what is 330 - -70?
3a0
In base 11, what is -1233 + 347?
-997
In base 16, what is -1 - -6c8e?
6c8d
In base 6, what is -3 - -40222031?
40222024
In base 16, what is 94 + ab6?
b4a
In base 10, what is 269910 - -4?
269914
In base 14, what is 892 - -d7?
989
In base 16, what is d5 - -87b?
950
In base 14, what is -c - -37549?
3753b
In base 10, what is -23811 - -3?
-23808
In base 10, what is -7 + 517012?
517005
In base 2, what is 1 + 101111000100111001?
101111000100111010
In base 8, what is 0 + 3320662?
3320662
In base 12, what is 5 - b25b?
-b256
In base 11, what is -3a67 - 17?
-3a83
In base 7, what is -5 - 251642?
-251650
In base 15, what is -7 + -3d1?
-3d8
In base 3, what is 1001110102 - -1021?
1001111200
In base 12, what is -32233 - 5?
-32238
In base 5, what is -121444 + 21?
-121423
In base 3, what is 1220122200002 + -10?
1220122122222
In base 2, what is -1000 + 1010011110110?
1010011101110
In base 16, what is -1 + 420af?
420ae
In base 12, what is -a1b64 - 3?
-a1b67
In base 3, what is 101111202 - 11?
101111121
In base 13, what is 13 - 2cb2?
-2c9c
In base 7, what is -5333 + 33?
-5300
In base 11, what is -2178 - -6?
-2172
In base 14, what is -72cda + -3?
-72cdd
In base 12, what is -65169 - -3?
-65166
In base 13, what is 178a1 + 9?
178aa
In base 15, what is ae + -1ee?
-140
In base 14, what is 136 + -2055?
-1d1d
In base 6, what is -51003 - 100?
-51103
In base 13, what is -1730 + 4?
-1729
In base 16, what is -23 - 32f8?
-331b
In base 2, what is 1110010011010010011 + 0?
1110010011010010011
In base 9, what is -3474 + 288?
-3175
In base 5, what is -42 - -113001?
112404
In base 8, what is 100 - -10614?
10714
In base 15, what is 4ecb58 - -4?
4ecb5c
In base 11, what is -a34 - -a7?
-938
In base 4, what is -13210023003 + 0?
-13210023003
In base 12, what is -5 + 7318?
7313
In base 9, what is 2 + -280274?
-280272
In base 10, what is 246 + 1020?
1266
In base 4, what is -20 - 1110203?
-1110223
In base 9, what is 117 + 14636?
14754
In base 10, what is 11768 + -2?
11766
In base 2, what is -11011010110001 + 11?
-11011010101110
In base 10, what is -186110 - -4?
-186106
In base 14, what is -303 - -112a?
c27
In base 3, what is 10222212 + -101?
10222111
In base 14, what is 9b364 - 4?
9b360
In base 9, what is 1765 - -132?
2007
In base 14, what is 4 - -1210d?
12113
In base 7, what is 24426 - 2?
24424
In base 9, what is 2131626 + -1?
2131625
In base 7, what is 1044411 + 1?
1044412
In base 8, what is 637 - 13263?
-12424
In base 8, what is -32315 + -11?
-32326
In base 15, what is -4c8a + -10?
-4c9a
In base 12, what is -7a0 - 0?
-7a0
In base 9, what is 7 - -14604?
14612
In base 15, what is 1a0 - -14?
1b4
In base 5, what is 404223023 - 1?
404223022
In base 8, what is -3 - 540712?
-540715
In base 8, what is -3 + -217176?
-217201
In base 9, what is -25838 + 14?
-25824
In base 3, what is -1221 + -1222?
-10220
In base 4, what is 32311031102 - -1?
32311031103
In base 6, what is -44 + 3035150?
3035102
In base 2, what is -1000100 - 10001001?
-11001101
In base 15, what is -2a - -232?
207
In base 9, what is 7 - -370012?
370020
In base 2, what is 11 - 111000010?
-110111111
In base 9, what is 6004 - -142?
6146
In base 14, what is -572d0 - -25?
-572a9
In base 14, what is -6d2 - -6?
-6ca
In base 3, what is -20020220011 + -2?
-20020220020
In base 16, what is 2bf21 + 3?
2bf24
In base 5, what is -32010310 + 10?
-32010300
In base 15, what is -4529 - -3?
-4526
In base 4, what is 10 + -2111332312?
-2111332302
In base 6, what is -140050 + 5?
-140041
In base 14, what is 1b7a - -80?
1c1a
In base 6, what is 53033 + -1400?
51233
In base 13, what is -98 - -469?
3a1
In base 8, what is -1616024 - -1?
-1616023
In base 4, what is 101321 + 302?
102223
In base 4, what is 23 + 120221212?
120221301
In base 13, what is 3a4 + 1a6?
57a
In base 10, what is 1850351 + 5?
1850356
In base 13, what is a8c1a - -5?
a8c22
In base 4, what is -3310 + -10230?
-20200
In base 14, what is 4a7 - -8c?
555
In base 3, what is 12022201 - 10201?
12012000
In base 5, what is 21 + -2241303?
-2241232
In base 5, what is 44 - -11?
110
In base 13, what is -14c - -43c?
2c0
In base 6, what is 14 - -531354?
531412
In base 14, what is a66 - -ac7?
174d
In base 9, what is 25301 + 2?
25303
In base 16, what is -294 + a5?
-1ef
In base 14, what is 98 - -10?
a8
In base 11, what is 44 - 139?
-a5
In base 6, what is -214222 + 5?
-214213
In base 16, what is 9 + -118?
-10f
In base 2, what is -11001011 - 1101011?
-100110110
In base 2, what is -1011011001001100110 + -110?
-1011011001001101100
In base 10, what is 400655 - -4?
400659
In base 7, what is -13 - -2342616?
2342603
In base 12, what is 2 + 14768?
1476a
In base 10, what is -981331 - 2?
-981333
In base 7, what is 5153 - -23?
5206
In base 4, what is 20 + 130211020?
130211100
In base 4, what is 1 - -2213321202?
2213321203
In base 3, what is 1 - -21000111220?
21000111221
In base 8, what is -2 + 75057?
75055
In base 2, what is 1100110100011 + -101011?
1100101111000
In base 9, what is -44 + -306?
-351
In base 6, what is -3 + 250315?
250312
In base 8, what is -4 - -222435?
222431
In base 12, what is -16632 - 5?
-16637
In base 7, what is 4 + -4345045?
-4345041
In base 2, what is 101 - -10111110011100?
10111110100001
In base 13, what is 20a5 + -386?
1a1c
In base 4, what is 1012202 - 123?
1012013
In base 10, what is -713 + 173?
-540
In base 7, what is -22 + 5365?
5343
In base 8, what is -5 - -102663?
102656
In base 4, what is 3302 + 122320?
132222
In base 16, what is -122 - c2?
-1e4
In base 6, what is 21 - -1012310?
1012331
In base 12, what is -4 + -7b9?
-801
In base 7, what is 434 - -22?
456
In base 10, what is -1565 + 29?
-1536
In base 13, what is -119 + 1156?
103a
In base 11, what is 17 + 126a?
1286
In base 2, what is 101001110101110 - 1100?
101001110100010
In base 8, what is -67 - 3?
-72
In base 5, what is 400424 + 124?
401103
In base 10, what is 27 - 1240?
-1213
In base 5, what is -230024 - -3?
-230021
In base 14, what is -42057 + -2?
-42059
In base 12, what is 6 + -40a58?
-40a52
In base 13, what is 29933 + -2?
29931
In base 2, what is -101110011 + 101101001110?
100111011011
In base 10, what is 9 + 15042?
15051
In base 4, what is 1 + -102322?
-102321
In base 14, what is -32ca0 - 1?
-32ca1
In base 10, what is 0 + -3691?
-3691
In base 13, what is 4 + -535c?
-5358
In base 9, what is 280781 - 6?
280774
In base 3, wh